 l = 2*v - 2. Calculate the remainder when 68 is divided by l.
4
Suppose 5 = -4*f + 5*f. Suppose 0 = -f*q - 2*s + 5, 32 = 3*q + q - 4*s. Let i(x) = x**3 + 12*x**2 - 43*x + 2. What is the remainder when i(3) is divided by q?
2
What is the remainder when 62 is divided by (-2)/(-15) + 391/1020*44?
11
Suppose 3*m - 15 = -2*m. Suppose 0 = l + m, 0*k - l - 9 = -3*k. Suppose -w = -4*t + 92, k*t - 6*t + 5*w = -92. Calculate the remainder when 44 is divided by t.
21
Let i = -11 + 11. Let c be (3 - (-9)/3) + i. Suppose -c*k + 2*k + 68 = 0. Calculate the remainder when k is divided by 10.
7
What is the remainder when -3 + (-723)/(-27) - (-6)/27 is divided by 21?
3
Suppose 2*y = x + 51, -4*y - 5*x = y - 135. Let c(r) = r**2 - 20*r - 60. Calculate the remainder when c(27) is divided by y.
25
Let q be (-1)/(-3) + (-680)/(-12). Let j = q - 34. What is the remainder when j is divided by (-43 - 11)/(-9) + 0?
5
Suppose 38 = 3*h - 22. Suppose d - 22 = -2*r + 4*d, 5*d = -2*r + 22. What is the remainder when h is divided by r?
9
Let l = -845 - -871. Calculate the remainder when 64 is divided by l.
12
Suppose 3 = 3*a - 3, -4*a = -2*h. What is the remainder when 4 is divided by h?
0
Let b(u) = -12*u**2 - 3*u + 4*u**3 + 24*u**2 + u - 3*u**3 - 9. Let i be b(-10). Suppose -i = -3*f + 20. Calculate the remainder when f is divided by 40.
37
Let b = 7 + 18. Let v(g) = -g**3 - 2*g**2 - 5*g - 7. What is the remainder when b is divided by v(-2)?
1
Let g = -79 + 150. Let q = 62 + -16. Suppose -3*i + 8 = -q. What is the remainder when g is divided by i?
17
Let n = -10 - -37. Let i(t) = 17*t**2 + t - 2. What is the remainder when n is divided by i(1)?
11
Let f(i) = -i**3 - 2*i**2 + 9*i + 25. Calculate the remainder when 119 is divided by f(-4).
14
Let k = 171 + -115. What is the remainder when k is divided by 15?
11
Let w = -31 - -58. Suppose 5*x - 203 = w. Suppose 11*t - 9*t = 48. Calculate the remainder when x is divided by t.
22
Let m(p) = p - 1. Let v be m(3). Suppose 1 = 2*k + 3*j + v*j, -3*j - 1 = k. What is the remainder when (-1 + (-2)/(-4))*-58 is divided by k?
5
Let r(t) = t**2 - 22*t + 160. What is the remainder when 478 is divided by r(10)?
38
Let r be (-6)/33 - 260/22. What is the remainder when (-536)/r - 1/(-3) is divided by 12?
9
Let d(f) = -f**3 + 4*f**2 + 5. What is the remainder when 48 is divided by d(3)?
6
Let o = -32 + 97. Let c(j) = -j**2 - 3*j - 51. Let l be c(0). Calculate the remainder when o is divided by (-11)/((-11)/l)*(-1)/3.
14
Let o = 80 - 67. Let x(g) = 13 + 2*g + g**3 + 11*g - 11*g**2 - 3*g**2. Calculate the remainder when 37 is divided by x(o).
11
Suppose 60*l + 31*l - 20111 = 0. What is the remainder when l is divided by 20?
1
Suppose -5*m + 0*m + 180 = 0. Suppose 2*v - 3 = 25. Calculate the remainder when (m/(-15) + 2)*-60 is divided by v.
10
Let l = 152 - 146. Suppose -2*r = -4*i - l*r + 88, -4*r = -i + 47. What is the remainder when i is divided by 10?
7
Let m(b) = 3*b**3 - b**2 + 4*b. Let a be (3/2)/((-18)/(-24)). What is the remainder when m(a) is divided by 8?
4
Suppose 4*k = -3*j + 27, 24 = 3*k - 2*j + 5*j. Suppose -s - 1 = -k. Suppose 16 = -4*d, m - 2*m + 13 = s*d. Calculate the remainder when 83 is divided by m.
20
Suppose 4*l - l + 48 = -5*r, -2*l = 5*r + 37. Let x(b) = 2*b - 15. Let a be x(8). What is the remainder when l/(-2)*(a - -3) is divided by 8?
6
Let n(i) = 2*i - 6. Suppose -3*r + 24 = -0*r. Calculate the remainder when n(r) is divided by 7.
3
Let y be -20*(20/(-25) + 0). Suppose -y = -6*r + 56. Calculate the remainder when 46 is divided by r.
10
Let o = 1031 + -1008. Calculate the remainder when 528 is divided by o.
22
Suppose 0 = -4*h - 2*p + 22, -13 = -5*h + 3*p + 20. Suppose -24 = -2*m - 2*c, m + 44 = h*m + c. Let b = m - -22. What is the remainder when b is divided by 16?
14
Let y be (7 - 4)*-1 + 7. Let d be y/(-26) + (-2720)/(-104). Let h = d - -25. What is the remainder when h is divided by 13?
12
Let j(k) = 5 + 4*k - 3 + 9*k. Calculate the remainder when j(1) is divided by 1 + -1 + 2*2.
3
Suppose -2*z + 31 = n, 5*z - 83 = -3*n + 12. What is the remainder when 134 is divided by n?
29
Let d(h) = -h**3 + 9*h**2 - h - 25. Calculate the remainder when d(7) is divided by 17.
15
Suppose h - 5*c - 53 = 0, -16*h + 21*h - 3*c = 353. What is the remainder when 135 is divided by h?
62
Let t be (-2)/8 - (-506)/8. Calculate the remainder when (-2)/(-9) - (-490)/t is divided by 3.
2
Suppose 0 = -4*n + 3*s - 12, 0*n + 4*s + 34 = -3*n. Let w be 5 - 8/(-12)*n. What is the remainder when 1/((w - 0) + 0) is divided by 1?
0
Suppose 33*m - 4*m - 5481 = 0. What is the remainder when m is divided by 89?
11
Suppose 3*t + 7 = 4*b + 38, t - 4*b = 21. Let d = 38 - t. Calculate the remainder when d is divided by 17.
16
Let j(k) = 3*k**2 - 6*k - 4. Suppose -3255*w + 3254*w + 170 = -2*h, -2*h = -4*w + 638. Calculate the remainder when w is divided by j(5).
33
Suppose 3*w - 8*w + 280 = 0. Let c(y) = y**2 + 26*y + 68. What is the remainder when w is divided by c(-24)?
16
Let g be 14/(2 - 0/3). Let f(a) = -a**3 + 6*a**2 + 9*a + 6. What is the remainder when f(g) is divided by 11?
9
Suppose 0 = -d - 1, 4*d - 5*d = -2*l + 107. Calculate the remainder when 203 is divided by l.
44
Let g(m) = -3*m - 10. Let n be g(-7). Let z be 24/16*(2 - 150/(-9)). Let y = z - n. Calculate the remainder when y is divided by 5.
2
Suppose -2*o + 119 = -177. Let n = o + -101. What is the remainder when n is divided by 16?
15
Suppose -9*g + 8*g + 3 = 0. Suppose 2*l = -0*l - 2*b, 4 = g*l + 2*b. Calculate the remainder when l is divided by 1 - (0 - 3 - -2).
0
Let m(k) = 3*k - 9. Let f be m(8). Suppose -g - f = -4*s + 14, -4*g = 5*s - 52. Suppose -s*j = -3*j - 185. What is the remainder when j is divided by 10?
7
Suppose 0 = 62*o + o - 6741. Calculate the remainder when o is divided by 9.
8
Suppose 14*d = 12*d. Suppose d = 12*f - 16*f + 44. What is the remainder when 30 is divided by f?
8
Let w be (-3 - -1 - -3)*3. Suppose w*i - 8 = -i. Suppose -i*m = -16 - 2. Calculate the remainder when m is divided by 4.
1
Suppose 27 = -4*t - 33. Let u be (-34)/(-6) - 5/t. Suppose -h + u = -14. Calculate the remainder when 38 is divided by h.
18
Suppose -8*j = -3*j - 695. Let a = 32 - 28. Suppose u + 5 + 0 = 0, -a*i + 130 = 2*u. What is the remainder when j is divided by i?
34
Suppose -3*f - 4*h = -0*f - 26, -3*h + 7 = -4*f. Let y be (-6)/15*4*5/2. Let u(m) = -m**3 - 3*m**2 + 5*m + 5. What is the remainder when f is divided by u(y)?
0
Let m = 7 - -14. Let b(l) = 14*l**2 - 18*l + 6. What is the remainder when b(3) is divided by m?
15
What is the remainder when 250 is divided by 626/30 - 224/(-1680)?
19
Let c(g) = -2295*g**2 - 136*g. Let u(h) = 51*h**2 + 3*h. Let o(q) = 3*c(q) + 136*u(q). What is the remainder when 99 is divided by o(-1)?
48
Let w(k) = k**3 + 7*k**2 - 6*k + 9. Let l be w(-5). Let f = -34 - 27. Let c = l + f. Calculate the remainder when 55 is divided by c.
27
Let a = 22 + -7. Suppose 5*x = 3*j - 29, -4*x + x + a = 0. Let b(m) = 11*m + 5. What is the remainder when b(6) is divided by j?
17
Let n = -22 - -19. What is the remainder when ((-1)/((-6)/(-8)))/(n/72) is divided by 11?
10
Suppose -6*r + 55 + 95 = 0. Calculate the remainder when 272 is divided by r.
22
Let o(q) = q**2 - 12*q + 86. Calculate the remainder when 72 is divided by o(8).
18
Suppose -3*d + 104 = -d. Let p(y) = 28*y**2 - 2*y - 3. Calculate the remainder when d is divided by p(-1).
25
Let r(d) = d**3 + d**2 + d - 2. Let o = 6 + -6. Let l be r(o). Let w(k) = -3*k + 6. Calculate the remainder when w(l) is divided by 7.
5
Suppose 8*s - 177 = 5*s. What is the remainder when s is divided by 2/(-11) - 1344/(-132)?
9
Suppose y + 16 = -4*n, -4*y - 2*n - 22 = -0*n. Suppose -15 = -3*t, -3*t = 3*w - 31 - 59. What is the remainder when ((-4)/3)/(y/222) is divided by w?
24
Let f = 232 - 143. What is the remainder when f is divided by ((-1)/2)/(11610/(-828) + 14)?
20
What is the remainder when 275 is divided by 14/((-154)/(-11)) - (-94 - 0)?
85
Let j be (-20)/(-20) + 10/2. Let f = -2 + 58. Calculate the remainder when f is divided by 4/j - (-385)/21.
18
Let b = -2432 + 2448. What is the remainder when 153 is divided by b?
9
Suppose -39*x + 4293 = 198. What is the remainder when x is divided by ((-3)/5)/(5/(-225))?
24
Le